{"id":117,"date":"2024-11-27T17:21:21","date_gmt":"2024-11-27T16:21:21","guid":{"rendered":"https:\/\/vol2.ingeborgkumpfmueller.at\/2026\/?page_id=117"},"modified":"2024-12-03T08:30:39","modified_gmt":"2024-12-03T07:30:39","slug":"5-2","status":"publish","type":"page","link":"https:\/\/vol2.ingeborgkumpfmueller.at\/2026\/5-2\/","title":{"rendered":"5"},"content":{"rendered":"\t\t<div data-elementor-type=\"wp-page\" data-elementor-id=\"117\" class=\"elementor elementor-117\" data-elementor-settings=\"{&quot;element_pack_global_tooltip_width&quot;:{&quot;unit&quot;:&quot;px&quot;,&quot;size&quot;:&quot;&quot;,&quot;sizes&quot;:[]},&quot;element_pack_global_tooltip_width_tablet&quot;:{&quot;unit&quot;:&quot;px&quot;,&quot;size&quot;:&quot;&quot;,&quot;sizes&quot;:[]},&quot;element_pack_global_tooltip_width_mobile&quot;:{&quot;unit&quot;:&quot;px&quot;,&quot;size&quot;:&quot;&quot;,&quot;sizes&quot;:[]},&quot;element_pack_global_tooltip_padding&quot;:{&quot;unit&quot;:&quot;px&quot;,&quot;top&quot;:&quot;&quot;,&quot;right&quot;:&quot;&quot;,&quot;bottom&quot;:&quot;&quot;,&quot;left&quot;:&quot;&quot;,&quot;isLinked&quot;:true},&quot;element_pack_global_tooltip_padding_tablet&quot;:{&quot;unit&quot;:&quot;px&quot;,&quot;top&quot;:&quot;&quot;,&quot;right&quot;:&quot;&quot;,&quot;bottom&quot;:&quot;&quot;,&quot;left&quot;:&quot;&quot;,&quot;isLinked&quot;:true},&quot;element_pack_global_tooltip_padding_mobile&quot;:{&quot;unit&quot;:&quot;px&quot;,&quot;top&quot;:&quot;&quot;,&quot;right&quot;:&quot;&quot;,&quot;bottom&quot;:&quot;&quot;,&quot;left&quot;:&quot;&quot;,&quot;isLinked&quot;:true},&quot;element_pack_global_tooltip_border_radius&quot;:{&quot;unit&quot;:&quot;px&quot;,&quot;top&quot;:&quot;&quot;,&quot;right&quot;:&quot;&quot;,&quot;bottom&quot;:&quot;&quot;,&quot;left&quot;:&quot;&quot;,&quot;isLinked&quot;:true},&quot;element_pack_global_tooltip_border_radius_tablet&quot;:{&quot;unit&quot;:&quot;px&quot;,&quot;top&quot;:&quot;&quot;,&quot;right&quot;:&quot;&quot;,&quot;bottom&quot;:&quot;&quot;,&quot;left&quot;:&quot;&quot;,&quot;isLinked&quot;:true},&quot;element_pack_global_tooltip_border_radius_mobile&quot;:{&quot;unit&quot;:&quot;px&quot;,&quot;top&quot;:&quot;&quot;,&quot;right&quot;:&quot;&quot;,&quot;bottom&quot;:&quot;&quot;,&quot;left&quot;:&quot;&quot;,&quot;isLinked&quot;:true}}\" data-elementor-post-type=\"page\">\n\t\t\t\t\t\t<section class=\"elementor-section elementor-top-section elementor-element elementor-element-0e299fd elementor-section-full_width slika1 elementor-section-height-default elementor-section-height-default\" data-id=\"0e299fd\" data-element_type=\"section\" data-e-type=\"section\" id=\"slika1\">\n\t\t\t\t\t\t<div class=\"elementor-container elementor-column-gap-default\">\n\t\t\t\t\t<div class=\"elementor-column elementor-col-50 elementor-top-column elementor-element elementor-element-d9c7a44\" data-id=\"d9c7a44\" data-element_type=\"column\" data-e-type=\"column\">\n\t\t\t<div class=\"elementor-widget-wrap elementor-element-populated\">\n\t\t\t\t\t\t<div class=\"elementor-element elementor-element-f8ebf45 elementor-widget__width-initial elementor-widget elementor-widget-image\" data-id=\"f8ebf45\" data-element_type=\"widget\" data-e-type=\"widget\" data-widget_type=\"image.default\">\n\t\t\t\t<div class=\"elementor-widget-container\">\n\t\t\t\t\t\t\t\t\t\t\t\t\t\t\t<img fetchpriority=\"high\" decoding=\"async\" width=\"2560\" height=\"1707\" src=\"https:\/\/vol2.ingeborgkumpfmueller.at\/2026\/wp-content\/uploads\/2024\/11\/cam_01_03_day_out-scaled.jpg\" class=\"attachment-full size-full wp-image-541\" alt=\"\" srcset=\"https:\/\/vol2.ingeborgkumpfmueller.at\/2026\/wp-content\/uploads\/2024\/11\/cam_01_03_day_out-scaled.jpg 2560w, https:\/\/vol2.ingeborgkumpfmueller.at\/2026\/wp-content\/uploads\/2024\/11\/cam_01_03_day_out-300x200.jpg 300w, https:\/\/vol2.ingeborgkumpfmueller.at\/2026\/wp-content\/uploads\/2024\/11\/cam_01_03_day_out-1024x683.jpg 1024w, https:\/\/vol2.ingeborgkumpfmueller.at\/2026\/wp-content\/uploads\/2024\/11\/cam_01_03_day_out-768x512.jpg 768w, https:\/\/vol2.ingeborgkumpfmueller.at\/2026\/wp-content\/uploads\/2024\/11\/cam_01_03_day_out-1536x1024.jpg 1536w, https:\/\/vol2.ingeborgkumpfmueller.at\/2026\/wp-content\/uploads\/2024\/11\/cam_01_03_day_out-2048x1365.jpg 2048w\" sizes=\"(max-width: 2560px) 100vw, 2560px\" \/>\t\t\t\t\t\t\t\t\t\t\t\t\t\t\t<\/div>\n\t\t\t\t<\/div>\n\t\t\t\t\t<\/div>\n\t\t<\/div>\n\t\t\t\t<div class=\"elementor-column elementor-col-50 elementor-top-column elementor-element elementor-element-a78b5b0\" data-id=\"a78b5b0\" data-element_type=\"column\" data-e-type=\"column\" data-settings=\"{&quot;background_background&quot;:&quot;classic&quot;}\">\n\t\t\t<div class=\"elementor-widget-wrap elementor-element-populated\">\n\t\t\t\t\t\t<div class=\"elementor-element elementor-element-0aa7a6a elementor-widget elementor-widget-text-editor\" data-id=\"0aa7a6a\" data-element_type=\"widget\" data-e-type=\"widget\" data-widget_type=\"text-editor.default\">\n\t\t\t\t<div class=\"elementor-widget-container\">\n\t\t\t\t\t\t\t\t\t<p>Die Arbeit greift in poetischer Weise die Tatsache auf, dass Energie allumfassend ist<br \/>und in jedem Wesen \/ in der Natur bis zur kleinsten Zelle immanent vorhanden ist \u2013 ohne Energie kein Leben.<\/p><p>eins energie in Chemnitz &#8211; Wettbewerbsstufe 2<\/p>\t\t\t\t\t\t\t\t<\/div>\n\t\t\t\t<\/div>\n\t\t\t\t<div class=\"elementor-element elementor-element-98a0d28 elementor-hidden-tablet elementor-hidden-mobile elementor-widget elementor-widget-spacer\" data-id=\"98a0d28\" data-element_type=\"widget\" data-e-type=\"widget\" data-widget_type=\"spacer.default\">\n\t\t\t\t<div class=\"elementor-widget-container\">\n\t\t\t\t\t\t\t<div class=\"elementor-spacer\">\n\t\t\t<div class=\"elementor-spacer-inner\"><\/div>\n\t\t<\/div>\n\t\t\t\t\t\t<\/div>\n\t\t\t\t<\/div>\n\t\t\t\t\t<\/div>\n\t\t<\/div>\n\t\t\t\t\t<\/div>\n\t\t<\/section>\n\t\t\t\t<section class=\"elementor-section elementor-top-section elementor-element elementor-element-23b0842a elementor-reverse-mobile slika2 elementor-section-full_width elementor-section-content-middle elementor-section-height-default elementor-section-height-default\" data-id=\"23b0842a\" data-element_type=\"section\" data-e-type=\"section\" id=\"slika2\">\n\t\t\t\t\t\t<div class=\"elementor-container elementor-column-gap-default\">\n\t\t\t\t\t<div class=\"elementor-column elementor-col-100 elementor-top-column elementor-element elementor-element-33881f82\" data-id=\"33881f82\" data-element_type=\"column\" data-e-type=\"column\">\n\t\t\t<div class=\"elementor-widget-wrap elementor-element-populated\">\n\t\t\t\t\t\t<div class=\"elementor-element elementor-element-afaa415 elementor-widget__width-initial elementor-widget elementor-widget-image\" data-id=\"afaa415\" data-element_type=\"widget\" data-e-type=\"widget\" data-widget_type=\"image.default\">\n\t\t\t\t<div class=\"elementor-widget-container\">\n\t\t\t\t\t\t\t\t\t\t\t\t\t\t\t<img decoding=\"async\" width=\"2560\" height=\"1707\" src=\"https:\/\/vol2.ingeborgkumpfmueller.at\/2026\/wp-content\/uploads\/2024\/11\/cam_01_03_night_out-scaled.jpg\" class=\"attachment-full size-full wp-image-542\" alt=\"\" srcset=\"https:\/\/vol2.ingeborgkumpfmueller.at\/2026\/wp-content\/uploads\/2024\/11\/cam_01_03_night_out-scaled.jpg 2560w, https:\/\/vol2.ingeborgkumpfmueller.at\/2026\/wp-content\/uploads\/2024\/11\/cam_01_03_night_out-300x200.jpg 300w, https:\/\/vol2.ingeborgkumpfmueller.at\/2026\/wp-content\/uploads\/2024\/11\/cam_01_03_night_out-1024x683.jpg 1024w, https:\/\/vol2.ingeborgkumpfmueller.at\/2026\/wp-content\/uploads\/2024\/11\/cam_01_03_night_out-768x512.jpg 768w, https:\/\/vol2.ingeborgkumpfmueller.at\/2026\/wp-content\/uploads\/2024\/11\/cam_01_03_night_out-1536x1024.jpg 1536w, https:\/\/vol2.ingeborgkumpfmueller.at\/2026\/wp-content\/uploads\/2024\/11\/cam_01_03_night_out-2048x1365.jpg 2048w\" sizes=\"(max-width: 2560px) 100vw, 2560px\" \/>\t\t\t\t\t\t\t\t\t\t\t\t\t\t\t<\/div>\n\t\t\t\t<\/div>\n\t\t\t\t\t<\/div>\n\t\t<\/div>\n\t\t\t\t\t<\/div>\n\t\t<\/section>\n\t\t\t\t<section class=\"elementor-section elementor-top-section elementor-element elementor-element-5e1651dd elementor-reverse-mobile slika3 elementor-section-boxed elementor-section-height-default elementor-section-height-default\" data-id=\"5e1651dd\" data-element_type=\"section\" data-e-type=\"section\" id=\"slika3\">\n\t\t\t\t\t\t<div class=\"elementor-container elementor-column-gap-no\">\n\t\t\t\t\t<div class=\"elementor-column elementor-col-100 elementor-top-column elementor-element elementor-element-3a72b4ef\" data-id=\"3a72b4ef\" data-element_type=\"column\" data-e-type=\"column\">\n\t\t\t<div class=\"elementor-widget-wrap elementor-element-populated\">\n\t\t\t\t\t\t<div class=\"elementor-element elementor-element-1190da8 elementor-widget elementor-widget-image\" data-id=\"1190da8\" data-element_type=\"widget\" data-e-type=\"widget\" data-widget_type=\"image.default\">\n\t\t\t\t<div class=\"elementor-widget-container\">\n\t\t\t\t\t\t\t\t\t\t\t\t\t\t\t<img decoding=\"async\" width=\"1367\" height=\"747\" src=\"https:\/\/vol2.ingeborgkumpfmueller.at\/2026\/wp-content\/uploads\/2024\/11\/cam_01_03_day_out_ausschnitt.jpg\" class=\"attachment-full size-full wp-image-543\" alt=\"\" srcset=\"https:\/\/vol2.ingeborgkumpfmueller.at\/2026\/wp-content\/uploads\/2024\/11\/cam_01_03_day_out_ausschnitt.jpg 1367w, https:\/\/vol2.ingeborgkumpfmueller.at\/2026\/wp-content\/uploads\/2024\/11\/cam_01_03_day_out_ausschnitt-300x164.jpg 300w, https:\/\/vol2.ingeborgkumpfmueller.at\/2026\/wp-content\/uploads\/2024\/11\/cam_01_03_day_out_ausschnitt-1024x560.jpg 1024w, https:\/\/vol2.ingeborgkumpfmueller.at\/2026\/wp-content\/uploads\/2024\/11\/cam_01_03_day_out_ausschnitt-768x420.jpg 768w\" sizes=\"(max-width: 1367px) 100vw, 1367px\" \/>\t\t\t\t\t\t\t\t\t\t\t\t\t\t\t<\/div>\n\t\t\t\t<\/div>\n\t\t\t\t\t<\/div>\n\t\t<\/div>\n\t\t\t\t\t<\/div>\n\t\t<\/section>\n\t\t\t\t<section class=\"elementor-section elementor-top-section elementor-element elementor-element-528feaf1 elementor-reverse-mobile slika4 elementor-section-boxed elementor-section-height-default elementor-section-height-default\" data-id=\"528feaf1\" data-element_type=\"section\" data-e-type=\"section\" id=\"slika4\">\n\t\t\t\t\t\t<div class=\"elementor-container elementor-column-gap-no\">\n\t\t\t\t\t<div class=\"elementor-column elementor-col-100 elementor-top-column elementor-element elementor-element-1390b0a6\" data-id=\"1390b0a6\" data-element_type=\"column\" data-e-type=\"column\">\n\t\t\t<div class=\"elementor-widget-wrap elementor-element-populated\">\n\t\t\t\t\t\t<div class=\"elementor-element elementor-element-f5dbe0f elementor-widget elementor-widget-text-editor\" data-id=\"f5dbe0f\" data-element_type=\"widget\" data-e-type=\"widget\" data-widget_type=\"text-editor.default\">\n\t\t\t\t<div class=\"elementor-widget-container\">\n\t\t\t\t\t\t\t\t\t<p>\u00a0<\/p><p>Energie ist Leben und erschlie\u00dft Einem im konkreten Dasein viele M\u00f6glichkeiten \u2013 so wie eins mit seinen Angeboten<br \/>ein gesamtes Daseins-Spektrum zur Bew\u00e4ltigung f\u00fcr Alltags\/Lebensrealit\u00e4t anbietet.<br \/>Die Texte treten in direkte Kommunikation mit dem Betrachter der Betrachterin, dem Kunden der Kundin, den Menschen der Region &#8230;<br \/>Die kursive Setzung greift die Beschreibung\/den Duktus von Energie auf.<br \/>Die Setzung der Texte an der Fassade nimmt den Bewegungs\/Rhythmus der Fassade auf.<br \/>Die Worte sind nicht \u201estatement\u201d sondern Daseins\/Lebensbeschreibung.<\/p><p>Die Arbeit umfasst<br \/>Textzeile am Dach \/ Bahnhofstra\u00dfe und \u00dcbereck Johannisstra\u00dfe<br \/>Worte an der Fassade<br \/>Zeichen-Wortsetzung am Fu\u00dfweg Bahnhofstra\u00dfe<br \/>eine Zeichensetzung am Fu\u00dfboden in der Kantine in Bezug zur Zeichen\/Aussagesetzung am Fu\u00dfweg au\u00dfen und am Geb\u00e4ude<\/p><p>Bahnhofstra\u00dfen-seitig veranschaulichen in der Dunkelheit\/Nacht 4 Leuchtbuchstaben am Dach und Fu\u00dfweg-seitig<br \/>ein Zeichen\/Sinn\/Spiel mit den Zeichen e i n s \/ s e i n<br \/>Der Konnex zum Inneren des Geb\u00e4udes \/ zu eins wird mit dem auch von au\u00dfen sichtbaren im Kantinenbereich nahe der<br \/>Glasfassade liegenden Leucht-Zeichen e hergestellt<\/p>\t\t\t\t\t\t\t\t<\/div>\n\t\t\t\t<\/div>\n\t\t\t\t\t<\/div>\n\t\t<\/div>\n\t\t\t\t\t<\/div>\n\t\t<\/section>\n\t\t\t\t<\/div>\n\t\t","protected":false},"excerpt":{"rendered":"<p>Die Arbeit greift in poetischer Weise die Tatsache auf, dass Energie allumfassend istund in jedem Wesen \/ in der Natur bis zur kleinsten Zelle immanent vorhanden ist \u2013 ohne Energie kein Leben. eins energie in Chemnitz &#8211; Wettbewerbsstufe 2 \u00a0 Energie ist Leben und erschlie\u00dft Einem im konkreten Dasein viele M\u00f6glichkeiten \u2013 so wie eins [&hellip;]<\/p>\n","protected":false},"author":1,"featured_media":0,"parent":0,"menu_order":5,"comment_status":"closed","ping_status":"closed","template":"","meta":{"footnotes":""},"class_list":["post-117","page","type-page","status-publish","hentry"],"_links":{"self":[{"href":"https:\/\/vol2.ingeborgkumpfmueller.at\/2026\/wp-json\/wp\/v2\/pages\/117","targetHints":{"allow":["GET"]}}],"collection":[{"href":"https:\/\/vol2.ingeborgkumpfmueller.at\/2026\/wp-json\/wp\/v2\/pages"}],"about":[{"href":"https:\/\/vol2.ingeborgkumpfmueller.at\/2026\/wp-json\/wp\/v2\/types\/page"}],"author":[{"embeddable":true,"href":"https:\/\/vol2.ingeborgkumpfmueller.at\/2026\/wp-json\/wp\/v2\/users\/1"}],"replies":[{"embeddable":true,"href":"https:\/\/vol2.ingeborgkumpfmueller.at\/2026\/wp-json\/wp\/v2\/comments?post=117"}],"version-history":[{"count":133,"href":"https:\/\/vol2.ingeborgkumpfmueller.at\/2026\/wp-json\/wp\/v2\/pages\/117\/revisions"}],"predecessor-version":[{"id":1212,"href":"https:\/\/vol2.ingeborgkumpfmueller.at\/2026\/wp-json\/wp\/v2\/pages\/117\/revisions\/1212"}],"wp:attachment":[{"href":"https:\/\/vol2.ingeborgkumpfmueller.at\/2026\/wp-json\/wp\/v2\/media?parent=117"}],"curies":[{"name":"wp","href":"https:\/\/api.w.org\/{rel}","templated":true}]}}