{"id":190,"date":"2024-11-27T18:13:49","date_gmt":"2024-11-27T17:13:49","guid":{"rendered":"https:\/\/vol2.ingeborgkumpfmueller.at\/2026\/?page_id=190"},"modified":"2024-11-30T19:15:06","modified_gmt":"2024-11-30T18:15:06","slug":"literature","status":"publish","type":"page","link":"https:\/\/vol2.ingeborgkumpfmueller.at\/2026\/literature\/","title":{"rendered":"literature"},"content":{"rendered":"\t\t<div data-elementor-type=\"wp-page\" data-elementor-id=\"190\" class=\"elementor elementor-190\" data-elementor-settings=\"{&quot;element_pack_global_tooltip_width&quot;:{&quot;unit&quot;:&quot;px&quot;,&quot;size&quot;:&quot;&quot;,&quot;sizes&quot;:[]},&quot;element_pack_global_tooltip_width_tablet&quot;:{&quot;unit&quot;:&quot;px&quot;,&quot;size&quot;:&quot;&quot;,&quot;sizes&quot;:[]},&quot;element_pack_global_tooltip_width_mobile&quot;:{&quot;unit&quot;:&quot;px&quot;,&quot;size&quot;:&quot;&quot;,&quot;sizes&quot;:[]},&quot;element_pack_global_tooltip_padding&quot;:{&quot;unit&quot;:&quot;px&quot;,&quot;top&quot;:&quot;&quot;,&quot;right&quot;:&quot;&quot;,&quot;bottom&quot;:&quot;&quot;,&quot;left&quot;:&quot;&quot;,&quot;isLinked&quot;:true},&quot;element_pack_global_tooltip_padding_tablet&quot;:{&quot;unit&quot;:&quot;px&quot;,&quot;top&quot;:&quot;&quot;,&quot;right&quot;:&quot;&quot;,&quot;bottom&quot;:&quot;&quot;,&quot;left&quot;:&quot;&quot;,&quot;isLinked&quot;:true},&quot;element_pack_global_tooltip_padding_mobile&quot;:{&quot;unit&quot;:&quot;px&quot;,&quot;top&quot;:&quot;&quot;,&quot;right&quot;:&quot;&quot;,&quot;bottom&quot;:&quot;&quot;,&quot;left&quot;:&quot;&quot;,&quot;isLinked&quot;:true},&quot;element_pack_global_tooltip_border_radius&quot;:{&quot;unit&quot;:&quot;px&quot;,&quot;top&quot;:&quot;&quot;,&quot;right&quot;:&quot;&quot;,&quot;bottom&quot;:&quot;&quot;,&quot;left&quot;:&quot;&quot;,&quot;isLinked&quot;:true},&quot;element_pack_global_tooltip_border_radius_tablet&quot;:{&quot;unit&quot;:&quot;px&quot;,&quot;top&quot;:&quot;&quot;,&quot;right&quot;:&quot;&quot;,&quot;bottom&quot;:&quot;&quot;,&quot;left&quot;:&quot;&quot;,&quot;isLinked&quot;:true},&quot;element_pack_global_tooltip_border_radius_mobile&quot;:{&quot;unit&quot;:&quot;px&quot;,&quot;top&quot;:&quot;&quot;,&quot;right&quot;:&quot;&quot;,&quot;bottom&quot;:&quot;&quot;,&quot;left&quot;:&quot;&quot;,&quot;isLinked&quot;:true}}\" data-elementor-post-type=\"page\">\n\t\t\t\t<div class=\"elementor-element elementor-element-e620024 e-con-full e-flex e-con e-parent\" data-id=\"e620024\" data-element_type=\"container\" data-e-type=\"container\">\n\t\t<div class=\"elementor-element elementor-element-14302fc e-con-full e-flex e-con e-child\" data-id=\"14302fc\" data-element_type=\"container\" data-e-type=\"container\">\n\t\t\t\t<div class=\"elementor-element elementor-element-34c376c elementor-widget elementor-widget-text-editor\" data-id=\"34c376c\" data-element_type=\"widget\" data-e-type=\"widget\" data-widget_type=\"text-editor.default\">\n\t\t\t\t<div class=\"elementor-widget-container\">\n\t\t\t\t\t\t\t\t\t<p>Besprechungen meiner Arbeiten \/ Auszeichnungen<strong><br \/><span class=\"Stil3\">reviews \/ awards<\/span><\/strong><\/p><p>&#8211; Unser Weg Eltern-Baby-Zentrum am Uniklinikum Salzburg, 2020<br \/>&#8211; architektur aktuell \/ Ausgabe 1-2 \/ 2020 (Seniorenwohnheim Nonntal, gasparin meyer architekten)<br \/>&#8211; architektur aktuell \/ Ausgabe 6 \/ 2018 (B\u00fcrgerzentrum B\u00f6heimkirchen nmpb Architekten, Wohnhausanlage Sirocco, sandbichler Architekten, Wettbewerbsbeitrag Raimund Theater Architektin Veselinovic)<br \/>-Styria Media Center, Birkh\u00e4user Verlag, 2015<br \/>-Kunst und Kirche auf Augenh\u00f6he. K\u00fcnstlerische Gestaltungen in der Di\u00f6zese Linz 2000 \u2013 2010<br \/>Hg. M. Gelsinger, A. J\u00f6chl, H. Nitsch, 2010<br \/>-Monika Leisch-Kiesl, ingeborg kumpfm\u00fcller, <a href=\"https:\/\/www.ingeborgkumpfmueller.at\/26p_text.htm\">worte<\/a><br \/>Eltern-Baby-Zentrum \u2013 Perinatalzentrum Salzburg, 2010<br \/>&#8211; Left, right, up, down \u2013 new directions in signage and wayfinding, Verlag gestalten, Berlin, 2010 <br \/>(<a href=\"http:\/\/www.gestalten.com\/\" target=\"_parent\">http:\/\/www.gestalten.com\/<\/a>), Beitrag \u00fcber die FH St. P\u00f6lten,<br \/>&#8211; sign09 directory, Publikation \u00fcber internationale Leitsysteme, 2010 <br \/>&#8211; Erwin K. Bauer &amp; Dieter Mayer,<br \/>Orientierung &amp; Identit\u00e4t, Portr\u00e4ts internationaler Leitsysteme, Springer Verlag 2008,<a href=\"http:\/\/www.signaletik.at\/?id=4\" target=\"_blank\" rel=\"noopener\"> http:\/\/www.signaletik.at\/<\/a><br \/>&#8211; AIT Zeitschrift f\u00fcr Architektur, 12.2008, Ulrike Schettler, Sparkasse Bad Reichenhall<br \/>&#8211; Susanne Schaller, Beitrag \u00fcber meine Arbeiten in der Zeitschrift ARTLAB;<br \/>Artikel \u00fcber innovative Leitsysteme im deutschsprachigen Raum, 09.2008, n22.VIII<br \/>&#8211; Markus Kristian, Fachhochschule St P\u00f6lten, Nieder\u00f6sterreich<br \/>Architekturjournal wettbewerbe, 2008<br \/>&#8211; Otto Kapfinger, Das BTV Stadtforum, SpringerWienNewYork, 2007<br \/>&#8211; Romana Ring, Kirche in der SolarCity, Linz<br \/>architektur aktuell 1-2\/2007<br \/>&#8211; Matthias Boeckl, Schriftinstallation und Memorial in der Arbeiterkammer Wien<br \/>architektur aktuell 7-8\/2004<br \/>&#8211; Salvatore Zingale, Segnare la strada. Il contributo della semiotica al Wayfinding<br \/>Ingeborg Kumpfm\u00fcller, Oggetti luminosi all\u2019esterno del BENE Pavillon, Klagenfurt, 2002<br \/>Ergonomia, 4.2006<br \/><br \/><strong>iF communication design award 2009, Gold<\/strong><br \/>Sparkasse Berchtesgadener Land, Bad Reichenhall, gemeinsam mit Architekten Bolwin und Wulf, Berlin<\/p>\t\t\t\t\t\t\t\t<\/div>\n\t\t\t\t<\/div>\n\t\t\t\t<\/div>\n\t\t\t\t<\/div>\n\t\t\t\t<\/div>\n\t\t","protected":false},"excerpt":{"rendered":"<p>Besprechungen meiner Arbeiten \/ Auszeichnungenreviews \/ awards &#8211; Unser Weg Eltern-Baby-Zentrum am Uniklinikum Salzburg, 2020&#8211; architektur aktuell \/ Ausgabe 1-2 \/ 2020 (Seniorenwohnheim Nonntal, gasparin meyer architekten)&#8211; architektur aktuell \/ Ausgabe 6 \/ 2018 (B\u00fcrgerzentrum B\u00f6heimkirchen nmpb Architekten, Wohnhausanlage Sirocco, sandbichler Architekten, Wettbewerbsbeitrag Raimund Theater Architektin Veselinovic)-Styria Media Center, Birkh\u00e4user Verlag, 2015-Kunst und Kirche auf [&hellip;]<\/p>\n","protected":false},"author":1,"featured_media":0,"parent":0,"menu_order":13,"comment_status":"closed","ping_status":"closed","template":"","meta":{"footnotes":""},"class_list":["post-190","page","type-page","status-publish","hentry"],"_links":{"self":[{"href":"https:\/\/vol2.ingeborgkumpfmueller.at\/2026\/wp-json\/wp\/v2\/pages\/190","targetHints":{"allow":["GET"]}}],"collection":[{"href":"https:\/\/vol2.ingeborgkumpfmueller.at\/2026\/wp-json\/wp\/v2\/pages"}],"about":[{"href":"https:\/\/vol2.ingeborgkumpfmueller.at\/2026\/wp-json\/wp\/v2\/types\/page"}],"author":[{"embeddable":true,"href":"https:\/\/vol2.ingeborgkumpfmueller.at\/2026\/wp-json\/wp\/v2\/users\/1"}],"replies":[{"embeddable":true,"href":"https:\/\/vol2.ingeborgkumpfmueller.at\/2026\/wp-json\/wp\/v2\/comments?post=190"}],"version-history":[{"count":13,"href":"https:\/\/vol2.ingeborgkumpfmueller.at\/2026\/wp-json\/wp\/v2\/pages\/190\/revisions"}],"predecessor-version":[{"id":620,"href":"https:\/\/vol2.ingeborgkumpfmueller.at\/2026\/wp-json\/wp\/v2\/pages\/190\/revisions\/620"}],"wp:attachment":[{"href":"https:\/\/vol2.ingeborgkumpfmueller.at\/2026\/wp-json\/wp\/v2\/media?parent=190"}],"curies":[{"name":"wp","href":"https:\/\/api.w.org\/{rel}","templated":true}]}}