{"id":2,"date":"2024-11-27T15:01:43","date_gmt":"2024-11-27T14:01:43","guid":{"rendered":"https:\/\/vol2.ingeborgkumpfmueller.at\/2026\/?page_id=2"},"modified":"2024-12-01T14:31:19","modified_gmt":"2024-12-01T13:31:19","slug":"1-2","status":"publish","type":"page","link":"https:\/\/vol2.ingeborgkumpfmueller.at\/2026\/1-2\/","title":{"rendered":"1"},"content":{"rendered":"\t\t<div data-elementor-type=\"wp-page\" data-elementor-id=\"2\" class=\"elementor elementor-2\" data-elementor-settings=\"{&quot;element_pack_global_tooltip_width&quot;:{&quot;unit&quot;:&quot;px&quot;,&quot;size&quot;:&quot;&quot;,&quot;sizes&quot;:[]},&quot;element_pack_global_tooltip_width_tablet&quot;:{&quot;unit&quot;:&quot;px&quot;,&quot;size&quot;:&quot;&quot;,&quot;sizes&quot;:[]},&quot;element_pack_global_tooltip_width_mobile&quot;:{&quot;unit&quot;:&quot;px&quot;,&quot;size&quot;:&quot;&quot;,&quot;sizes&quot;:[]},&quot;element_pack_global_tooltip_padding&quot;:{&quot;unit&quot;:&quot;px&quot;,&quot;top&quot;:&quot;&quot;,&quot;right&quot;:&quot;&quot;,&quot;bottom&quot;:&quot;&quot;,&quot;left&quot;:&quot;&quot;,&quot;isLinked&quot;:true},&quot;element_pack_global_tooltip_padding_tablet&quot;:{&quot;unit&quot;:&quot;px&quot;,&quot;top&quot;:&quot;&quot;,&quot;right&quot;:&quot;&quot;,&quot;bottom&quot;:&quot;&quot;,&quot;left&quot;:&quot;&quot;,&quot;isLinked&quot;:true},&quot;element_pack_global_tooltip_padding_mobile&quot;:{&quot;unit&quot;:&quot;px&quot;,&quot;top&quot;:&quot;&quot;,&quot;right&quot;:&quot;&quot;,&quot;bottom&quot;:&quot;&quot;,&quot;left&quot;:&quot;&quot;,&quot;isLinked&quot;:true},&quot;element_pack_global_tooltip_border_radius&quot;:{&quot;unit&quot;:&quot;px&quot;,&quot;top&quot;:&quot;&quot;,&quot;right&quot;:&quot;&quot;,&quot;bottom&quot;:&quot;&quot;,&quot;left&quot;:&quot;&quot;,&quot;isLinked&quot;:true},&quot;element_pack_global_tooltip_border_radius_tablet&quot;:{&quot;unit&quot;:&quot;px&quot;,&quot;top&quot;:&quot;&quot;,&quot;right&quot;:&quot;&quot;,&quot;bottom&quot;:&quot;&quot;,&quot;left&quot;:&quot;&quot;,&quot;isLinked&quot;:true},&quot;element_pack_global_tooltip_border_radius_mobile&quot;:{&quot;unit&quot;:&quot;px&quot;,&quot;top&quot;:&quot;&quot;,&quot;right&quot;:&quot;&quot;,&quot;bottom&quot;:&quot;&quot;,&quot;left&quot;:&quot;&quot;,&quot;isLinked&quot;:true}}\" data-elementor-post-type=\"page\">\n\t\t\t\t\t\t<section class=\"elementor-section elementor-top-section elementor-element elementor-element-3e43268 elementor-section-full_width elementor-section-height-default elementor-section-height-default\" data-id=\"3e43268\" data-element_type=\"section\" data-e-type=\"section\">\n\t\t\t\t\t\t<div class=\"elementor-container elementor-column-gap-default\">\n\t\t\t\t\t<div class=\"elementor-column elementor-col-50 elementor-top-column elementor-element elementor-element-8464dd8\" data-id=\"8464dd8\" data-element_type=\"column\" data-e-type=\"column\">\n\t\t\t<div class=\"elementor-widget-wrap elementor-element-populated\">\n\t\t\t\t\t\t<div class=\"elementor-element elementor-element-03f3a35 elementor-widget elementor-widget-image\" data-id=\"03f3a35\" data-element_type=\"widget\" data-e-type=\"widget\" data-widget_type=\"image.default\">\n\t\t\t\t<div class=\"elementor-widget-container\">\n\t\t\t\t\t\t\t\t\t\t\t\t\t\t\t<img fetchpriority=\"high\" decoding=\"async\" width=\"1666\" height=\"2500\" src=\"https:\/\/vol2.ingeborgkumpfmueller.at\/2026\/wp-content\/uploads\/2024\/11\/20221017_0193_1-sRGB.jpg\" class=\"attachment-full size-full wp-image-22\" alt=\"\" srcset=\"https:\/\/vol2.ingeborgkumpfmueller.at\/2026\/wp-content\/uploads\/2024\/11\/20221017_0193_1-sRGB.jpg 1666w, https:\/\/vol2.ingeborgkumpfmueller.at\/2026\/wp-content\/uploads\/2024\/11\/20221017_0193_1-sRGB-200x300.jpg 200w, https:\/\/vol2.ingeborgkumpfmueller.at\/2026\/wp-content\/uploads\/2024\/11\/20221017_0193_1-sRGB-682x1024.jpg 682w, https:\/\/vol2.ingeborgkumpfmueller.at\/2026\/wp-content\/uploads\/2024\/11\/20221017_0193_1-sRGB-768x1152.jpg 768w, https:\/\/vol2.ingeborgkumpfmueller.at\/2026\/wp-content\/uploads\/2024\/11\/20221017_0193_1-sRGB-1024x1536.jpg 1024w, https:\/\/vol2.ingeborgkumpfmueller.at\/2026\/wp-content\/uploads\/2024\/11\/20221017_0193_1-sRGB-1365x2048.jpg 1365w\" sizes=\"(max-width: 1666px) 100vw, 1666px\" \/>\t\t\t\t\t\t\t\t\t\t\t\t\t\t\t<\/div>\n\t\t\t\t<\/div>\n\t\t\t\t<div class=\"elementor-element elementor-element-bfdc65e elementor-widget elementor-widget-image\" data-id=\"bfdc65e\" data-element_type=\"widget\" data-e-type=\"widget\" data-widget_type=\"image.default\">\n\t\t\t\t<div class=\"elementor-widget-container\">\n\t\t\t\t\t\t\t\t\t\t\t\t\t\t\t<img decoding=\"async\" width=\"2555\" height=\"1335\" src=\"https:\/\/vol2.ingeborgkumpfmueller.at\/2026\/wp-content\/uploads\/2024\/11\/Bild1.jpg\" class=\"attachment-full size-full wp-image-24\" alt=\"\" srcset=\"https:\/\/vol2.ingeborgkumpfmueller.at\/2026\/wp-content\/uploads\/2024\/11\/Bild1.jpg 2555w, https:\/\/vol2.ingeborgkumpfmueller.at\/2026\/wp-content\/uploads\/2024\/11\/Bild1-300x157.jpg 300w, https:\/\/vol2.ingeborgkumpfmueller.at\/2026\/wp-content\/uploads\/2024\/11\/Bild1-1024x535.jpg 1024w, https:\/\/vol2.ingeborgkumpfmueller.at\/2026\/wp-content\/uploads\/2024\/11\/Bild1-768x401.jpg 768w, https:\/\/vol2.ingeborgkumpfmueller.at\/2026\/wp-content\/uploads\/2024\/11\/Bild1-1536x803.jpg 1536w, https:\/\/vol2.ingeborgkumpfmueller.at\/2026\/wp-content\/uploads\/2024\/11\/Bild1-2048x1070.jpg 2048w\" sizes=\"(max-width: 2555px) 100vw, 2555px\" \/>\t\t\t\t\t\t\t\t\t\t\t\t\t\t\t<\/div>\n\t\t\t\t<\/div>\n\t\t\t\t\t<\/div>\n\t\t<\/div>\n\t\t\t\t<div class=\"elementor-column elementor-col-50 elementor-top-column elementor-element elementor-element-8f9371b\" data-id=\"8f9371b\" data-element_type=\"column\" data-e-type=\"column\">\n\t\t\t<div class=\"elementor-widget-wrap elementor-element-populated\">\n\t\t\t\t\t\t<div class=\"elementor-element elementor-element-bbc4e8e elementor-widget elementor-widget-image\" data-id=\"bbc4e8e\" data-element_type=\"widget\" data-e-type=\"widget\" data-widget_type=\"image.default\">\n\t\t\t\t<div class=\"elementor-widget-container\">\n\t\t\t\t\t\t\t\t\t\t\t\t\t\t\t<img decoding=\"async\" width=\"1672\" height=\"2500\" src=\"https:\/\/vol2.ingeborgkumpfmueller.at\/2026\/wp-content\/uploads\/2024\/11\/20221017_0198-sRGB.jpeg\" class=\"attachment-full size-full wp-image-26\" alt=\"\" srcset=\"https:\/\/vol2.ingeborgkumpfmueller.at\/2026\/wp-content\/uploads\/2024\/11\/20221017_0198-sRGB.jpeg 1672w, https:\/\/vol2.ingeborgkumpfmueller.at\/2026\/wp-content\/uploads\/2024\/11\/20221017_0198-sRGB-201x300.jpeg 201w, https:\/\/vol2.ingeborgkumpfmueller.at\/2026\/wp-content\/uploads\/2024\/11\/20221017_0198-sRGB-685x1024.jpeg 685w, https:\/\/vol2.ingeborgkumpfmueller.at\/2026\/wp-content\/uploads\/2024\/11\/20221017_0198-sRGB-768x1148.jpeg 768w, https:\/\/vol2.ingeborgkumpfmueller.at\/2026\/wp-content\/uploads\/2024\/11\/20221017_0198-sRGB-1027x1536.jpeg 1027w, https:\/\/vol2.ingeborgkumpfmueller.at\/2026\/wp-content\/uploads\/2024\/11\/20221017_0198-sRGB-1370x2048.jpeg 1370w\" sizes=\"(max-width: 1672px) 100vw, 1672px\" \/>\t\t\t\t\t\t\t\t\t\t\t\t\t\t\t<\/div>\n\t\t\t\t<\/div>\n\t\t\t\t<div class=\"elementor-element elementor-element-4cb0edc elementor-widget elementor-widget-image\" data-id=\"4cb0edc\" data-element_type=\"widget\" data-e-type=\"widget\" data-widget_type=\"image.default\">\n\t\t\t\t<div class=\"elementor-widget-container\">\n\t\t\t\t\t\t\t\t\t\t\t\t\t\t\t<img loading=\"lazy\" decoding=\"async\" width=\"1666\" height=\"2500\" src=\"https:\/\/vol2.ingeborgkumpfmueller.at\/2026\/wp-content\/uploads\/2024\/11\/20221017_0293-sRGB.jpeg\" class=\"attachment-full size-full wp-image-28\" alt=\"\" srcset=\"https:\/\/vol2.ingeborgkumpfmueller.at\/2026\/wp-content\/uploads\/2024\/11\/20221017_0293-sRGB.jpeg 1666w, https:\/\/vol2.ingeborgkumpfmueller.at\/2026\/wp-content\/uploads\/2024\/11\/20221017_0293-sRGB-200x300.jpeg 200w, https:\/\/vol2.ingeborgkumpfmueller.at\/2026\/wp-content\/uploads\/2024\/11\/20221017_0293-sRGB-682x1024.jpeg 682w, https:\/\/vol2.ingeborgkumpfmueller.at\/2026\/wp-content\/uploads\/2024\/11\/20221017_0293-sRGB-768x1152.jpeg 768w, https:\/\/vol2.ingeborgkumpfmueller.at\/2026\/wp-content\/uploads\/2024\/11\/20221017_0293-sRGB-1024x1536.jpeg 1024w, https:\/\/vol2.ingeborgkumpfmueller.at\/2026\/wp-content\/uploads\/2024\/11\/20221017_0293-sRGB-1365x2048.jpeg 1365w\" sizes=\"(max-width: 1666px) 100vw, 1666px\" \/>\t\t\t\t\t\t\t\t\t\t\t\t\t\t\t<\/div>\n\t\t\t\t<\/div>\n\t\t\t\t<div class=\"elementor-element elementor-element-12afa0f elementor-widget elementor-widget-text-editor\" data-id=\"12afa0f\" data-element_type=\"widget\" data-e-type=\"widget\" data-widget_type=\"text-editor.default\">\n\t\t\t\t<div class=\"elementor-widget-container\">\n\t\t\t\t\t\t\t\t\t<p>\u00d6sterreichische Nationalbibliothek \/ Bibliothek am Heldenplatz Gestaltung Leitsystem \/ analoge und digitale Medien\/Module<\/p>\t\t\t\t\t\t\t\t<\/div>\n\t\t\t\t<\/div>\n\t\t\t\t<div class=\"elementor-element elementor-element-2817b42 elementor-widget elementor-widget-text-editor\" data-id=\"2817b42\" data-element_type=\"widget\" data-e-type=\"widget\" data-widget_type=\"text-editor.default\">\n\t\t\t\t<div class=\"elementor-widget-container\">\n\t\t\t\t\t\t\t\t\t<p>B\u00fccher f\u00fchren \/ leiten durch das Leben \u2013 dem gestalterischen Konzept f\u00fcr das Leitsystem f\u00fcr die \u00d6NB liegen die Formatverh\u00e4ltnisse der B\u00fccher zugrunde, sie finden sich in den Grundformen der Leitsystem Module wieder<\/p><p>Die Modulgr\u00f6\u00dfen sind in Anlehnung der Formate des Goldenen Schnittes 1:1,618 sowie der\u00a0 Verh\u00e4ltnisse 1:1,732 und 5:8<\/p><p>Die Farben sind laut CI der \u00d6NB Ral Rubinrot 3003 \/ Alu-Farbton Ral 9006 \/ Schwarz<\/p><p>Das gestalterische Konzept des Leitsystems basiert auf einem Grundmodul \u2013 gefertigt als dreidimensionaler Korpus \/ MDF auf Gehrung \/ Lackierung Matt<\/p><p>Das System reagiert flexibel \u2013 die Dimension der Module ist der jeweiligen r\u00e4umlichen Situation, in der es als wegweisendes Modul oder als Umh\u00fcllung f\u00fcr die Monitore eingesetzt wird, passgenau in den jeweiligen r\u00e4umlichen Kontext eingebettet<\/p>\t\t\t\t\t\t\t\t<\/div>\n\t\t\t\t<\/div>\n\t\t\t\t<div class=\"elementor-element elementor-element-e2ab77e elementor-widget__width-initial elementor-widget elementor-widget-image\" data-id=\"e2ab77e\" data-element_type=\"widget\" data-e-type=\"widget\" data-widget_type=\"image.default\">\n\t\t\t\t<div class=\"elementor-widget-container\">\n\t\t\t\t\t\t\t\t\t\t\t\t\t\t\t<img loading=\"lazy\" decoding=\"async\" width=\"641\" height=\"481\" src=\"https:\/\/vol2.ingeborgkumpfmueller.at\/2026\/wp-content\/uploads\/2024\/12\/2.png\" class=\"attachment-full size-full wp-image-881\" alt=\"\" srcset=\"https:\/\/vol2.ingeborgkumpfmueller.at\/2026\/wp-content\/uploads\/2024\/12\/2.png 641w, https:\/\/vol2.ingeborgkumpfmueller.at\/2026\/wp-content\/uploads\/2024\/12\/2-300x225.png 300w\" sizes=\"(max-width: 641px) 100vw, 641px\" \/>\t\t\t\t\t\t\t\t\t\t\t\t\t\t\t<\/div>\n\t\t\t\t<\/div>\n\t\t\t\t\t<\/div>\n\t\t<\/div>\n\t\t\t\t\t<\/div>\n\t\t<\/section>\n\t\t\t\t<section class=\"elementor-section elementor-top-section elementor-element elementor-element-9699a54 elementor-section-full_width elementor-section-height-default elementor-section-height-default\" data-id=\"9699a54\" data-element_type=\"section\" data-e-type=\"section\">\n\t\t\t\t\t\t<div class=\"elementor-container elementor-column-gap-default\">\n\t\t\t\t\t<div class=\"elementor-column elementor-col-100 elementor-top-column elementor-element elementor-element-b021be1\" data-id=\"b021be1\" data-element_type=\"column\" data-e-type=\"column\">\n\t\t\t<div class=\"elementor-widget-wrap elementor-element-populated\">\n\t\t\t\t\t\t<div class=\"elementor-element elementor-element-72aea77 elementor-widget elementor-widget-image\" data-id=\"72aea77\" data-element_type=\"widget\" data-e-type=\"widget\" data-widget_type=\"image.default\">\n\t\t\t\t<div class=\"elementor-widget-container\">\n\t\t\t\t\t\t\t\t\t\t\t\t\t\t\t<img loading=\"lazy\" decoding=\"async\" width=\"2500\" height=\"1674\" src=\"https:\/\/vol2.ingeborgkumpfmueller.at\/2026\/wp-content\/uploads\/2024\/11\/20221017_0141-sRGB.jpg\" class=\"attachment-full size-full wp-image-32\" alt=\"\" srcset=\"https:\/\/vol2.ingeborgkumpfmueller.at\/2026\/wp-content\/uploads\/2024\/11\/20221017_0141-sRGB.jpg 2500w, https:\/\/vol2.ingeborgkumpfmueller.at\/2026\/wp-content\/uploads\/2024\/11\/20221017_0141-sRGB-300x201.jpg 300w, https:\/\/vol2.ingeborgkumpfmueller.at\/2026\/wp-content\/uploads\/2024\/11\/20221017_0141-sRGB-1024x686.jpg 1024w, https:\/\/vol2.ingeborgkumpfmueller.at\/2026\/wp-content\/uploads\/2024\/11\/20221017_0141-sRGB-768x514.jpg 768w, https:\/\/vol2.ingeborgkumpfmueller.at\/2026\/wp-content\/uploads\/2024\/11\/20221017_0141-sRGB-1536x1029.jpg 1536w, https:\/\/vol2.ingeborgkumpfmueller.at\/2026\/wp-content\/uploads\/2024\/11\/20221017_0141-sRGB-2048x1371.jpg 2048w\" sizes=\"(max-width: 2500px) 100vw, 2500px\" \/>\t\t\t\t\t\t\t\t\t\t\t\t\t\t\t<\/div>\n\t\t\t\t<\/div>\n\t\t\t\t\t<\/div>\n\t\t<\/div>\n\t\t\t\t\t<\/div>\n\t\t<\/section>\n\t\t\t\t<section class=\"elementor-section elementor-top-section elementor-element elementor-element-fc9ca31 elementor-section-full_width elementor-section-height-default elementor-section-height-default\" data-id=\"fc9ca31\" data-element_type=\"section\" data-e-type=\"section\">\n\t\t\t\t\t\t<div class=\"elementor-container elementor-column-gap-default\">\n\t\t\t\t\t<div class=\"elementor-column elementor-col-100 elementor-top-column elementor-element elementor-element-a5800d2\" data-id=\"a5800d2\" data-element_type=\"column\" data-e-type=\"column\">\n\t\t\t<div class=\"elementor-widget-wrap elementor-element-populated\">\n\t\t\t\t\t\t<div class=\"elementor-element elementor-element-110fcbb elementor-widget elementor-widget-image\" data-id=\"110fcbb\" data-element_type=\"widget\" data-e-type=\"widget\" data-widget_type=\"image.default\">\n\t\t\t\t<div class=\"elementor-widget-container\">\n\t\t\t\t\t\t\t\t\t\t\t\t\t\t\t<img loading=\"lazy\" decoding=\"async\" width=\"1672\" height=\"2500\" src=\"https:\/\/vol2.ingeborgkumpfmueller.at\/2026\/wp-content\/uploads\/2024\/11\/20221017_0144-1-sRGB.jpg\" class=\"attachment-full size-full wp-image-34\" alt=\"\" srcset=\"https:\/\/vol2.ingeborgkumpfmueller.at\/2026\/wp-content\/uploads\/2024\/11\/20221017_0144-1-sRGB.jpg 1672w, https:\/\/vol2.ingeborgkumpfmueller.at\/2026\/wp-content\/uploads\/2024\/11\/20221017_0144-1-sRGB-201x300.jpg 201w, https:\/\/vol2.ingeborgkumpfmueller.at\/2026\/wp-content\/uploads\/2024\/11\/20221017_0144-1-sRGB-685x1024.jpg 685w, https:\/\/vol2.ingeborgkumpfmueller.at\/2026\/wp-content\/uploads\/2024\/11\/20221017_0144-1-sRGB-768x1148.jpg 768w, https:\/\/vol2.ingeborgkumpfmueller.at\/2026\/wp-content\/uploads\/2024\/11\/20221017_0144-1-sRGB-1027x1536.jpg 1027w, https:\/\/vol2.ingeborgkumpfmueller.at\/2026\/wp-content\/uploads\/2024\/11\/20221017_0144-1-sRGB-1370x2048.jpg 1370w\" sizes=\"(max-width: 1672px) 100vw, 1672px\" \/>\t\t\t\t\t\t\t\t\t\t\t\t\t\t\t<\/div>\n\t\t\t\t<\/div>\n\t\t\t\t\t<\/div>\n\t\t<\/div>\n\t\t\t\t\t<\/div>\n\t\t<\/section>\n\t\t\t\t<section class=\"elementor-section elementor-top-section elementor-element elementor-element-d582e19 elementor-section-full_width elementor-section-height-default elementor-section-height-default\" data-id=\"d582e19\" data-element_type=\"section\" data-e-type=\"section\">\n\t\t\t\t\t\t<div class=\"elementor-container elementor-column-gap-default\">\n\t\t\t\t\t<div class=\"elementor-column elementor-col-33 elementor-top-column elementor-element elementor-element-410e9aa\" data-id=\"410e9aa\" data-element_type=\"column\" data-e-type=\"column\">\n\t\t\t<div class=\"elementor-widget-wrap elementor-element-populated\">\n\t\t\t\t\t\t<div class=\"elementor-element elementor-element-1e3ece4 elementor-widget elementor-widget-image\" data-id=\"1e3ece4\" data-element_type=\"widget\" data-e-type=\"widget\" data-widget_type=\"image.default\">\n\t\t\t\t<div class=\"elementor-widget-container\">\n\t\t\t\t\t\t\t\t\t\t\t\t\t\t\t<img loading=\"lazy\" decoding=\"async\" width=\"703\" height=\"1024\" src=\"https:\/\/vol2.ingeborgkumpfmueller.at\/2026\/wp-content\/uploads\/2024\/11\/20221017_0047-sRGB-703x1024.jpeg\" class=\"attachment-large size-large wp-image-36\" alt=\"\" srcset=\"https:\/\/vol2.ingeborgkumpfmueller.at\/2026\/wp-content\/uploads\/2024\/11\/20221017_0047-sRGB-703x1024.jpeg 703w, https:\/\/vol2.ingeborgkumpfmueller.at\/2026\/wp-content\/uploads\/2024\/11\/20221017_0047-sRGB-206x300.jpeg 206w, https:\/\/vol2.ingeborgkumpfmueller.at\/2026\/wp-content\/uploads\/2024\/11\/20221017_0047-sRGB-768x1119.jpeg 768w, https:\/\/vol2.ingeborgkumpfmueller.at\/2026\/wp-content\/uploads\/2024\/11\/20221017_0047-sRGB-1054x1536.jpeg 1054w, https:\/\/vol2.ingeborgkumpfmueller.at\/2026\/wp-content\/uploads\/2024\/11\/20221017_0047-sRGB-1406x2048.jpeg 1406w, https:\/\/vol2.ingeborgkumpfmueller.at\/2026\/wp-content\/uploads\/2024\/11\/20221017_0047-sRGB.jpeg 1716w\" sizes=\"(max-width: 703px) 100vw, 703px\" \/>\t\t\t\t\t\t\t\t\t\t\t\t\t\t\t<\/div>\n\t\t\t\t<\/div>\n\t\t\t\t\t<\/div>\n\t\t<\/div>\n\t\t\t\t<div class=\"elementor-column elementor-col-33 elementor-top-column elementor-element elementor-element-47a37fa\" data-id=\"47a37fa\" data-element_type=\"column\" data-e-type=\"column\">\n\t\t\t<div class=\"elementor-widget-wrap elementor-element-populated\">\n\t\t\t\t\t\t<div class=\"elementor-element elementor-element-72dbd30 elementor-widget elementor-widget-image\" data-id=\"72dbd30\" data-element_type=\"widget\" data-e-type=\"widget\" data-widget_type=\"image.default\">\n\t\t\t\t<div class=\"elementor-widget-container\">\n\t\t\t\t\t\t\t\t\t\t\t\t\t\t\t<img loading=\"lazy\" decoding=\"async\" width=\"2500\" height=\"1898\" src=\"https:\/\/vol2.ingeborgkumpfmueller.at\/2026\/wp-content\/uploads\/2024\/11\/20221017_0063-sRGB.jpeg\" class=\"attachment-full size-full wp-image-38\" alt=\"\" srcset=\"https:\/\/vol2.ingeborgkumpfmueller.at\/2026\/wp-content\/uploads\/2024\/11\/20221017_0063-sRGB.jpeg 2500w, https:\/\/vol2.ingeborgkumpfmueller.at\/2026\/wp-content\/uploads\/2024\/11\/20221017_0063-sRGB-300x228.jpeg 300w, https:\/\/vol2.ingeborgkumpfmueller.at\/2026\/wp-content\/uploads\/2024\/11\/20221017_0063-sRGB-1024x777.jpeg 1024w, https:\/\/vol2.ingeborgkumpfmueller.at\/2026\/wp-content\/uploads\/2024\/11\/20221017_0063-sRGB-768x583.jpeg 768w, https:\/\/vol2.ingeborgkumpfmueller.at\/2026\/wp-content\/uploads\/2024\/11\/20221017_0063-sRGB-1536x1166.jpeg 1536w, https:\/\/vol2.ingeborgkumpfmueller.at\/2026\/wp-content\/uploads\/2024\/11\/20221017_0063-sRGB-2048x1555.jpeg 2048w\" sizes=\"(max-width: 2500px) 100vw, 2500px\" \/>\t\t\t\t\t\t\t\t\t\t\t\t\t\t\t<\/div>\n\t\t\t\t<\/div>\n\t\t\t\t<div class=\"elementor-element elementor-element-f75a10c elementor-widget elementor-widget-image\" data-id=\"f75a10c\" data-element_type=\"widget\" data-e-type=\"widget\" data-widget_type=\"image.default\">\n\t\t\t\t<div class=\"elementor-widget-container\">\n\t\t\t\t\t\t\t\t\t\t\t\t\t\t\t<img loading=\"lazy\" decoding=\"async\" width=\"2500\" height=\"1780\" src=\"https:\/\/vol2.ingeborgkumpfmueller.at\/2026\/wp-content\/uploads\/2024\/11\/20221017_0001-sRGB.jpeg\" class=\"attachment-full size-full wp-image-40\" alt=\"\" srcset=\"https:\/\/vol2.ingeborgkumpfmueller.at\/2026\/wp-content\/uploads\/2024\/11\/20221017_0001-sRGB.jpeg 2500w, https:\/\/vol2.ingeborgkumpfmueller.at\/2026\/wp-content\/uploads\/2024\/11\/20221017_0001-sRGB-300x214.jpeg 300w, https:\/\/vol2.ingeborgkumpfmueller.at\/2026\/wp-content\/uploads\/2024\/11\/20221017_0001-sRGB-1024x729.jpeg 1024w, https:\/\/vol2.ingeborgkumpfmueller.at\/2026\/wp-content\/uploads\/2024\/11\/20221017_0001-sRGB-768x547.jpeg 768w, https:\/\/vol2.ingeborgkumpfmueller.at\/2026\/wp-content\/uploads\/2024\/11\/20221017_0001-sRGB-1536x1094.jpeg 1536w, https:\/\/vol2.ingeborgkumpfmueller.at\/2026\/wp-content\/uploads\/2024\/11\/20221017_0001-sRGB-2048x1458.jpeg 2048w\" sizes=\"(max-width: 2500px) 100vw, 2500px\" \/>\t\t\t\t\t\t\t\t\t\t\t\t\t\t\t<\/div>\n\t\t\t\t<\/div>\n\t\t\t\t\t<\/div>\n\t\t<\/div>\n\t\t\t\t<div class=\"elementor-column elementor-col-33 elementor-top-column elementor-element elementor-element-08589d0\" data-id=\"08589d0\" data-element_type=\"column\" data-e-type=\"column\">\n\t\t\t<div class=\"elementor-widget-wrap elementor-element-populated\">\n\t\t\t\t\t\t<div class=\"elementor-element elementor-element-70669ef elementor-widget elementor-widget-image\" data-id=\"70669ef\" data-element_type=\"widget\" data-e-type=\"widget\" data-widget_type=\"image.default\">\n\t\t\t\t<div class=\"elementor-widget-container\">\n\t\t\t\t\t\t\t\t\t\t\t\t\t\t\t<img loading=\"lazy\" decoding=\"async\" width=\"1728\" height=\"2500\" src=\"https:\/\/vol2.ingeborgkumpfmueller.at\/2026\/wp-content\/uploads\/2024\/11\/20221017_0365-sRGB.jpeg\" class=\"attachment-full size-full wp-image-42\" alt=\"\" srcset=\"https:\/\/vol2.ingeborgkumpfmueller.at\/2026\/wp-content\/uploads\/2024\/11\/20221017_0365-sRGB.jpeg 1728w, https:\/\/vol2.ingeborgkumpfmueller.at\/2026\/wp-content\/uploads\/2024\/11\/20221017_0365-sRGB-207x300.jpeg 207w, https:\/\/vol2.ingeborgkumpfmueller.at\/2026\/wp-content\/uploads\/2024\/11\/20221017_0365-sRGB-708x1024.jpeg 708w, https:\/\/vol2.ingeborgkumpfmueller.at\/2026\/wp-content\/uploads\/2024\/11\/20221017_0365-sRGB-768x1111.jpeg 768w, https:\/\/vol2.ingeborgkumpfmueller.at\/2026\/wp-content\/uploads\/2024\/11\/20221017_0365-sRGB-1062x1536.jpeg 1062w, https:\/\/vol2.ingeborgkumpfmueller.at\/2026\/wp-content\/uploads\/2024\/11\/20221017_0365-sRGB-1416x2048.jpeg 1416w\" sizes=\"(max-width: 1728px) 100vw, 1728px\" \/>\t\t\t\t\t\t\t\t\t\t\t\t\t\t\t<\/div>\n\t\t\t\t<\/div>\n\t\t\t\t<div class=\"elementor-element elementor-element-e408497 elementor-widget elementor-widget-image\" data-id=\"e408497\" data-element_type=\"widget\" data-e-type=\"widget\" data-widget_type=\"image.default\">\n\t\t\t\t<div class=\"elementor-widget-container\">\n\t\t\t\t\t\t\t\t\t\t\t\t\t\t\t<img loading=\"lazy\" decoding=\"async\" width=\"1666\" height=\"2500\" src=\"https:\/\/vol2.ingeborgkumpfmueller.at\/2026\/wp-content\/uploads\/2024\/11\/20221017_0306_1-sRGB.jpeg\" class=\"attachment-full size-full wp-image-44\" alt=\"\" srcset=\"https:\/\/vol2.ingeborgkumpfmueller.at\/2026\/wp-content\/uploads\/2024\/11\/20221017_0306_1-sRGB.jpeg 1666w, https:\/\/vol2.ingeborgkumpfmueller.at\/2026\/wp-content\/uploads\/2024\/11\/20221017_0306_1-sRGB-200x300.jpeg 200w, https:\/\/vol2.ingeborgkumpfmueller.at\/2026\/wp-content\/uploads\/2024\/11\/20221017_0306_1-sRGB-682x1024.jpeg 682w, https:\/\/vol2.ingeborgkumpfmueller.at\/2026\/wp-content\/uploads\/2024\/11\/20221017_0306_1-sRGB-768x1152.jpeg 768w, https:\/\/vol2.ingeborgkumpfmueller.at\/2026\/wp-content\/uploads\/2024\/11\/20221017_0306_1-sRGB-1024x1536.jpeg 1024w, https:\/\/vol2.ingeborgkumpfmueller.at\/2026\/wp-content\/uploads\/2024\/11\/20221017_0306_1-sRGB-1365x2048.jpeg 1365w\" sizes=\"(max-width: 1666px) 100vw, 1666px\" \/>\t\t\t\t\t\t\t\t\t\t\t\t\t\t\t<\/div>\n\t\t\t\t<\/div>\n\t\t\t\t\t<\/div>\n\t\t<\/div>\n\t\t\t\t\t<\/div>\n\t\t<\/section>\n\t\t\t\t<\/div>\n\t\t","protected":false},"excerpt":{"rendered":"<p>\u00d6sterreichische Nationalbibliothek \/ Bibliothek am Heldenplatz Gestaltung Leitsystem \/ analoge und digitale Medien\/Module B\u00fccher f\u00fchren \/ leiten durch das Leben \u2013 dem gestalterischen Konzept f\u00fcr das Leitsystem f\u00fcr die \u00d6NB liegen die Formatverh\u00e4ltnisse der B\u00fccher zugrunde, sie finden sich in den Grundformen der Leitsystem Module wieder Die Modulgr\u00f6\u00dfen sind in Anlehnung der Formate des Goldenen [&hellip;]<\/p>\n","protected":false},"author":1,"featured_media":0,"parent":0,"menu_order":1,"comment_status":"closed","ping_status":"closed","template":"","meta":{"footnotes":""},"class_list":["post-2","page","type-page","status-publish","hentry"],"_links":{"self":[{"href":"https:\/\/vol2.ingeborgkumpfmueller.at\/2026\/wp-json\/wp\/v2\/pages\/2","targetHints":{"allow":["GET"]}}],"collection":[{"href":"https:\/\/vol2.ingeborgkumpfmueller.at\/2026\/wp-json\/wp\/v2\/pages"}],"about":[{"href":"https:\/\/vol2.ingeborgkumpfmueller.at\/2026\/wp-json\/wp\/v2\/types\/page"}],"author":[{"embeddable":true,"href":"https:\/\/vol2.ingeborgkumpfmueller.at\/2026\/wp-json\/wp\/v2\/users\/1"}],"replies":[{"embeddable":true,"href":"https:\/\/vol2.ingeborgkumpfmueller.at\/2026\/wp-json\/wp\/v2\/comments?post=2"}],"version-history":[{"count":42,"href":"https:\/\/vol2.ingeborgkumpfmueller.at\/2026\/wp-json\/wp\/v2\/pages\/2\/revisions"}],"predecessor-version":[{"id":888,"href":"https:\/\/vol2.ingeborgkumpfmueller.at\/2026\/wp-json\/wp\/v2\/pages\/2\/revisions\/888"}],"wp:attachment":[{"href":"https:\/\/vol2.ingeborgkumpfmueller.at\/2026\/wp-json\/wp\/v2\/media?parent=2"}],"curies":[{"name":"wp","href":"https:\/\/api.w.org\/{rel}","templated":true}]}}